7
What is the tens digit of 66410?
1
What is the thousands digit of 2139?
2
What is the thousands digit of 6203?
6
What is the tens digit of 557?
5
What is the tens digit of 598?
9
What is the thousands digit of 6754?
6
What is the tens digit of 20861?
6
What is the units digit of 492?
2
What is the hundreds digit of 70535?
5
What is the units digit of 2536?
6
What is the units digit of 10499?
9
What is the hundreds digit of 1437?
4
What is the ten thousands digit of 58014?
5
What is the units digit of 4810?
0
What is the tens digit of 127817?
1
What is the units digit of 7968?
8
What is the hundreds digit of 1317?
3
What is the tens digit of 1389?
8
What is the tens digit of 482?
8
What is the units digit of 24804?
4
What is the ten thousands digit of 106284?
0
What is the tens digit of 21604?
0
What is the tens digit of 6117?
1
What is the hundreds digit of 11377?
3
What is the hundreds digit of 65357?
3
What is the ten thousands digit of 15467?
1
What is the tens digit of 16135?
3
What is the thousands digit of 4128?
4
What is the units digit of 9387?
7
What is the thousands digit of 14408?
4
What is the units digit of 16174?
4
What is the units digit of 2994?
4
What is the units digit of 998?
8
What is the hundreds digit of 694?
6
What is the tens digit of 14933?
3
What is the ten thousands digit of 13193?
1
What is the tens digit of 32214?
1
What is the tens digit of 1556?
5
What is the hundreds digit of 248?
2
What is the hundreds digit of 1598?
5
What is the thousands digit of 3927?
3
What is the tens digit of 475?
7
What is the units digit of 779?
9
What is the hundreds digit of 6950?
9
What is the units digit of 1062?
2
What is the hundred thousands digit of 124833?
1
What is the hundreds digit of 5340?
3
What is the units digit of 2940?
0
What is the units digit of 279?
9
What is the thousands digit of 78844?
8
What is the hundreds digit of 4388?
3
What is the tens digit of 800?
0
What is the tens digit of 79815?
1
What is the hundreds digit of 8625?
6
What is the hundreds digit of 7127?
1
What is the hundreds digit of 31770?
7
What is the thousands digit of 30849?
0
What is the hundreds digit of 703?
7
What is the thousands digit of 8278?
8
What is the tens digit of 10992?
9
What is the units digit of 1916?
6
What is the ten thousands digit of 132706?
3
What is the hundreds digit of 615?
6
What is the tens digit of 993?
9
What is the hundreds digit of 819?
8
What is the hundreds digit of 48878?
8
What is the ten thousands digit of 63181?
6
What is the ten thousands digit of 22649?
2
What is the tens digit of 8336?
3
What is the thousands digit of 2472?
2
What is the hundreds digit of 1506?
5
What is the thousands digit of 35650?
5
What is the hundreds digit of 2174?
1
What is the units digit of 1055?
5
What is the units digit of 95574?
4
What is the hundreds digit of 1785?
7
What is the ten thousands digit of 47139?
4
What is the ten thousands digit of 18522?
1
What is the thousands digit of 60251?
0
What is the hundreds digit of 15293?
2
What is the thousands digit of 29071?
9
What is the hundreds digit of 1111?
1
What is the units digit of 5123?
3
What is the units digit of 1606?
6
What is the units digit of 103396?
6
What is the hundreds digit of 438?
4
What is the thousands digit of 21265?
1
What is the units digit of 6268?
8
What is the hundreds digit of 355?
3
What is the tens digit of 48232?
3
What is the hundreds digit of 717?
7
What is the tens digit of 27151?
5
What is the ten thousands digit of 38389?
3
What is the tens digit of 1728?
2
What is the thousands digit of 2589?
2
What is the hundreds digit of 138?
1
What is the hundreds digit of 997?
9
What is the units digit of 3419?
9
What is the hundreds digit of 8924?
9
What is the units digit of 2375?
5
What is the tens digit of 681?
8
What is the thousands digit of 8923?
8
What is the ten thousands digit of 31593?
3
What is the units digit of 1234?
4
What is the tens digit of 1171?
7
What is the units digit of 1119?
9
What is the hundreds digit of 6578?
5
What is the tens digit of 19207?
0
What is the ten thousands digit of 75524?
7
What is the hundreds digit of 16528?
5
What is the thousands digit of 9489?
9
What is the ten thousands digit of 57125?
5
What is the units digit of 23431?
1
What is the hundreds digit of 381?
3
What is the units digit of 769?
9
What is the hundreds digit of 1353?
3
What is the thousands digit of 4528?
4
What is the units digit of 509?
9
What is the units digit of 1038?
8
What is the hundreds digit of 4773?
7
What is the tens digit of 1761?
6
What is the thousands digit of 7932?
7
What is the hundreds digit of 51067?
0
What is the thousands digit of 2013?
2
What is the units digit of 825?
5
What is the tens digit of 369?
6
What is the ten thousands digit of 17197?
1
What is the hundreds digit of 558?
5
What is the tens digit of 77086?
8
What is the tens digit of 1116?
1
What is the tens digit of 118431?
3
What is the hundreds digit of 30840?
8
What is the units digit of 8458?
8
What is the units digit of 7596?
6
What is the hundreds digit of 7917?
9
What is the tens digit of 11646?
4
What is the hundreds digit of 715?
7
What is the units digit of 1526?
6
What is the units digit of 49034?
4
What is the thousands digit of 33990?
3
What is the tens digit of 3081?
8
What is the hundreds digit of 2229?
2
What is the tens digit of 61298?
9
What is the thousands digit of 1399?
1
What is the thousands digit of 6238?
6
What is the units digit of 672?
2
What is the hundreds digit of 2964?
9
What is the thousands digit of 36100?
6
What is the ten thousands digit of 173627?
7
What is the hundreds digit of 985?
9
What is the hundreds digit of 99946?
9
What is the units digit of 27806?
6
What is the thousands digit of 4000?
4
What is the hundreds digit of 3819?
8
What is the hundreds digit of 11110?
1
What is the ten thousands digit of 13621?
1
What is the tens digit of 2904?
0
What is the units digit of 1737?
7
What is the ten thousands digit of 27823?
2
What is the thousands digit of 1406?
1
What is the units digit of 1190?
0
What is the tens digit of 2505?
0
What is the hundreds digit of 35279?
2
What is the thousands digit of 43880?
3
What is the thousands digit of 1849?
1
What is the units digit of 389?
9
What is the hundreds digit of 1139?
1
What is the units digit of 2723?
3
What is the hundreds digit of 895?
8
What is the units digit of 66772?
2
What is the hundreds digit of 7580?
5
What is the tens digit of 2515?
1
What is the hundreds digit of 5877?
8
What is the tens digit of 3941?
4
What is the units digit of 196?
6
What is the units digit of 6021?
1
What is the ten thousands digit of 10787?
1
What is the units digit of 47152?
2
What is the hundreds digit of 1875?
8
What is the thousands digit of 1170?
1
What is the tens digit of 183?
8
What is the tens digit of 12423?
2
What is the tens digit of 1374?
7
What is the thousands digit of 7904?
7
What is the hundreds digit of 1741?
7
What is the thousands digit of 4672?
4
What is the units digit of 69?
9
What is the thousands digit of 179764?
9
What is the units digit of 16674?
4
What is the tens digit of 456?
5
What is the tens digit of 2046?
4
What is the ten thousands digit of 22073?
2
What is the units digit of 4189?
9
What is the thousands digit of 42947?
2
What is the units digit of 3?
3
What is the tens digit of 395?
9
What is the units digit of 382?
2
What is the units digit of 41482?
2
What is the hundreds digit of 56977?
9
What is the units digit of 74?
4
What is the tens digit of 7192?
9
What is the tens digit of 38519?
1
What is the units digit of 2324?
4
What is the hundreds digit of 1225?
2
What is the tens digit of 15098?
9
What is the hundreds digit of 459?
4
What is the ten thousands digit of 80151?
8
What is the thousands digit of 7978?
7
What is the thousands digit of 119941?
9
What is the tens digit of 35?
3
What is the hundreds digit of 2367?
3
What is the units digit of 12489?
9
What is the units digit of 855?
5
What is the ten thousands digit of 15290?
1
What is the thousands digit of 1479?
1
What is the tens digit of 323?
2
What is the hundreds digit of 33054?
0
What is the hundreds digit of 19816?
8
What is the tens digit of 55254?
5
What is the thousands digit of 8464